alculate the remainder when 638721 is divided by 256.
1
What is the remainder when 16539 is divided by 4981?
1596
Calculate the remainder when 35712924 is divided by 17856332.
260
Calculate the remainder when 12171371 is divided by 1944.
1931
What is the remainder when 29988715 is divided by 937?
30
What is the remainder when 30655304 is divided by 6183?
6173
What is the remainder when 274478 is divided by 110?
28
What is the remainder when 34948344 is divided by 2181?
0
What is the remainder when 800954 is divided by 266363?
1865
Calculate the remainder when 4469752 is divided by 165546.
10
What is the remainder when 639233 is divided by 127727?
598
What is the remainder when 545811 is divided by 18190?
111
Calculate the remainder when 643318 is divided by 642678.
640
Calculate the remainder when 48898 is divided by 9748.
158
What is the remainder when 1187010 is divided by 395659?
33
What is the remainder when 758687 is divided by 172?
167
Calculate the remainder when 240831802 is divided by 996.
994
Calculate the remainder when 9448877 is divided by 1316.
1313
What is the remainder when 42544 is divided by 4225?
294
Calculate the remainder when 7126858 is divided by 80.
58
What is the remainder when 16680114 is divided by 23897?
8
Calculate the remainder when 888222 is divided by 5466.
2730
What is the remainder when 67452 is divided by 304?
268
Calculate the remainder when 240128972 is divided by 246.
8
What is the remainder when 30531314 is divided by 274?
42
What is the remainder when 225880 is divided by 3035?
1290
What is the remainder when 27888126 is divided by 9296040?
6
What is the remainder when 15738217 is divided by 2583?
2581
Calculate the remainder when 35707001 is divided by 71.
36
Calculate the remainder when 173645 is divided by 2381.
2213
What is the remainder when 4492065 is divided by 7041?
6948
Calculate the remainder when 2023144 is divided by 30196.
12
Calculate the remainder when 693406 is divided by 414.
370
What is the remainder when 5438630 is divided by 187537?
57
Calculate the remainder when 445549 is divided by 63.
13
What is the remainder when 898543 is divided by 1975?
1893
What is the remainder when 95210 is divided by 523?
24
Calculate the remainder when 1318757425 is divided by 13.
11
What is the remainder when 455009 is divided by 226897?
1215
Calculate the remainder when 13949380 is divided by 108.
100
What is the remainder when 6629554 is divided by 2209824?
82
What is the remainder when 532831 is divided by 664?
303
What is the remainder when 8191753 is divided by 19?
17
What is the remainder when 501034 is divided by 371?
184
Calculate the remainder when 76681 is divided by 12.
1
What is the remainder when 125356 is divided by 20891?
10
What is the remainder when 699495 is divided by 13197?
54
Calculate the remainder when 539294 is divided by 1116.
266
Calculate the remainder when 608384 is divided by 121666.
54
What is the remainder when 499802 is divided by 41638?
146
Calculate the remainder when 61966 is divided by 15288.
814
Calculate the remainder when 3120874 is divided by 26904.
10
Calculate the remainder when 1898877 is divided by 24.
21
Calculate the remainder when 283735 is divided by 91.
88
Calculate the remainder when 34603 is divided by 641.
630
Calculate the remainder when 175258 is divided by 43805.
38
What is the remainder when 424158 is divided by 28265?
183
What is the remainder when 29480371 is divided by 490?
11
Calculate the remainder when 2741092 is divided by 3823.
1
What is the remainder when 5513820 is divided by 33417?
15
What is the remainder when 1482042 is divided by 1482037?
5
What is the remainder when 1890134 is divided by 293?
284
Calculate the remainder when 367275 is divided by 379.
24
What is the remainder when 157025773 is divided by 33240?
13
Calculate the remainder when 33333393 is divided by 318.
315
What is the remainder when 20271392 is divided by 93?
89
Calculate the remainder when 3033387 is divided by 5221.
5207
What is the remainder when 10213527 is divided by 731?
726
What is the remainder when 110135741 is divided by 6?
5
Calculate the remainder when 127139 is divided by 2894.
2697
Calculate the remainder when 133957 is divided by 44634.
55
Calculate the remainder when 1251369 is divided by 313.
308
What is the remainder when 1065859 is divided by 50754?
25
What is the remainder when 1507331157 is divided by 3015?
3012
Calculate the remainder when 22187295 is divided by 21.
18
Calculate the remainder when 107581 is divided by 26842.
213
Calculate the remainder when 263568784 is divided by 742.
738
Calculate the remainder when 10047412 is divided by 39.
37
What is the remainder when 83083 is divided by 5382?
2353
What is the remainder when 101977 is divided by 27?
25
Calculate the remainder when 3503726 is divided by 763.
30
What is the remainder when 1315259 is divided by 232?
51
What is the remainder when 1163362 is divided by 581667?
28
What is the remainder when 1172247 is divided by 146517?
111
Calculate the remainder when 2687917 is divided by 10.
7
Calculate the remainder when 64923 is divided by 691.
660
Calculate the remainder when 10726585 is divided by 49891.
20
What is the remainder when 93174845 is divided by 1812?
1805
What is the remainder when 218960 is divided by 19857?
533
What is the remainder when 12722229 is divided by 1121?
0
Calculate the remainder when 568740 is divided by 567.
39
What is the remainder when 37421882 is divided by 72523?
14
Calculate the remainder when 300399 is divided by 60078.
9
What is the remainder when 4461220 is divided by 234801?
1
Calculate the remainder when 9675 is divided by 219.
39
Calculate the remainder when 1899910 is divided by 129.
127
What is the remainder when 525269 is divided by 1712?
1397
What is the remainder when 297585 is divided by 1305?
45
Calculate the remainder when 1504009 is divided by 536.
529
What is the remainder when 83905 is divided by 504?
241
Calculate the remainder when 51418 is divided by 691.
284
What is the remainder when 236404 is divided by 33417?
2485
Calculate the remainder when 430981 is divided by 2907.
745
What is the remainder when 1218598 is divided by 3190?
18
Calculate the remainder when 29992 is divided by 492.
472
What is the remainder when 247184 is divided by 3052?
3024
Calculate the remainder when 373976 is divided by 88.
64
What is the remainder when 16063296 is divided by 109?
75
Calculate the remainder when 25241826 is divided by 5742.
5736
Calculate the remainder when 18813357 is divided by 176.
13
What is the remainder when 2678004 is divided by 40574?
120
What is the remainder when 35614825 is divided by 9?
7
Calculate the remainder when 1812759 is divided by 9296.
39
Calculate the remainder when 273671 is divided by 271839.
1832
Calculate the remainder when 13597957 is divided by 418.
417
Calculate the remainder when 20050 is divided by 19528.
522
What is the remainder when 106009 is divided by 51191?
3627
Calculate the remainder when 534834 is divided by 2315.
69
What is the remainder when 408851 is divided by 4706?
4135
Calculate the remainder when 2076007 is divided by 29239.
38
Calculate the remainder when 302150 is divided by 15857.
867
What is the remainder when 12953499 is divided by 28?
27
Calculate the remainder when 624046 is divided by 55.
16
What is the remainder when 1137252 is divided by 341?
17
What is the remainder when 4615985 is divided by 1538657?
14
What is the remainder when 16940856 is divided by 16940854?
2
Calculate the remainder when 87228178 is divided by 130.
128
What is the remainder when 3461862 is divided by 358?
2
What is the remainder when 1178108 is divided by 392702?
2
What is the remainder when 46653 is divided by 6634?
215
Calculate the remainder when 291424131 is divided by 97141371.
18
Calculate the remainder when 517157 is divided by 516894.
263
Calculate the remainder when 1999215 is divided by 13978.
361
What is the remainder when 326055577 is divided by 232?
225
What is the remainder when 4004577 is divided by 60?
57
Calculate the remainder when 563115 is divided by 93852.
3
Calculate the remainder when 179169324 is divided by 661.
647
What is the remainder when 4871428 is divided by 1487?
16
What is the 